(-9).
10
Let c(m) = -2*m**3 + 79*m**2 + 41*m - 15. What is c(40)?
25
Let y(k) = k**2 + 9*k + 6. Calculate y(-9).
6
Let l(h) = -2*h. Give l(5).
-10
Let j(x) = -3*x + 23. Calculate j(11).
-10
Let v(p) = -p**3 + 10*p**2 - 7*p - 17. Determine v(9).
1
Let r(b) = -b**3 - 6*b**2 + 2*b + 9. Determine r(-7).
44
Let a(m) = m**3 + 2*m**2 - 3*m + 11. What is a(-4)?
-9
Let r(x) = x**3 - 16*x**2 + x - 13. Calculate r(16).
3
Let t(b) = 2*b**2 + 4*b + 6. What is t(6)?
102
Let k(u) = u**3 - 10*u**2 - 10*u + 14. What is k(11)?
25
Let o(q) = -49*q + 702. What is o(14)?
16
Let x(r) = -14*r**3 - r + 1. Determine x(1).
-14
Let a(c) = -6*c - 19. What is a(12)?
-91
Let c(q) = -q**2 + 7*q - 7. Give c(5).
3
Let n(p) = p**2 - 16*p + 32. What is n(4)?
-16
Let a(c) = 4*c**2 + 21*c - 2. Give a(-6).
16
Let y(i) = 4*i + 1. Give y(3).
13
Let d(q) = -6*q**2 - 4*q - 2. Give d(-1).
-4
Let p(n) = 2*n + 39. Give p(-9).
21
Let i(p) = -p**3 + 6*p**2 + 10*p - 10. Give i(7).
11
Let r(c) = c + 13. Calculate r(6).
19
Let h(r) = r**2 - 8*r. Calculate h(6).
-12
Let f(a) = -a + 25. Determine f(12).
13
Let d(y) = -y + 2. Give d(-5).
7
Let g(s) = 5*s**2 - 3*s + 2. Give g(-2).
28
Let i(a) = a**3 + 14*a**2 - 12*a + 22. What is i(-15)?
-23
Let d(c) = 4*c + 44. Give d(-10).
4
Let o(g) = 4*g**2 - 53*g + 15. Give o(13).
2
Let g(a) = -2*a**2 - 14*a - 5. Determine g(-9).
-41
Let b(y) = -35*y + 6. What is b(-2)?
76
Let j(d) = 10*d - 13. What is j(-14)?
-153
Let x(d) = d + 15. Determine x(-13).
2
Let f(y) = -y**3 - 4*y**2 + 3*y + 25. Determine f(-3).
7
Let l(y) = 6*y - 6. Determine l(2).
6
Let j(m) = -m**3 - 3*m**2 - m + 4. Give j(-5).
59
Let g(j) = -j**2 - 29*j + 51. What is g(-31)?
-11
Let f(z) = z + 7. Give f(7).
14
Let m(h) = 7*h + 17. Calculate m(-9).
-46
Let h(i) = -2*i**3 - 11*i**2 - 5*i. What is h(-5)?
0
Let x(i) = i**3 + 8*i**2 + 6*i + 1. Calculate x(-7).
8
Let w(u) = -u**2 - 6*u + 16. Determine w(-7).
9
Let p(b) = b**2 + 3*b + 2. Calculate p(4).
30
Let p(j) = 5*j - 6. What is p(-4)?
-26
Let f(p) = 3*p + 19. Calculate f(-4).
7
Let h(k) = k**2 + 35*k + 138. Give h(-4).
14
Let u(t) = 2*t + 28. Give u(-6).
16
Let q(t) = -8*t**2 - 6*t - 2. Give q(-3).
-56
Let r(y) = -7*y - 4. Determine r(7).
-53
Let n(j) = -j**2 - 11*j - 18. Calculate n(-12).
-30
Let y(b) = -2*b - 6. Calculate y(-10).
14
Let y(q) = -2*q**2 - 6*q + 11. Calculate y(-6).
-25
Let t(v) = -v**3 + 24*v**2 - 24*v + 29. What is t(23)?
6
Let p(k) = k**3 + 6*k**2 + 8*k - 3. What is p(-5)?
-18
Let f(k) = -k**3 + 10*k - 15. Determine f(-4).
9
Let p(c) = -2*c**3 - 4*c**2 - 2*c + 1. Give p(-2).
5
Let t(w) = -4*w - 59. What is t(-9)?
-23
Let t(n) = -n**3 - 22*n**2 + 23*n + 12. Give t(-23).
12
Let s(n) = n**3 + 12*n**2 - 17*n - 50. What is s(-13)?
2
Let h(l) = l**3 + 2*l**2 - 5*l - 4. What is h(-3)?
2
Let n(k) = k**2 - 10*k - 22. Determine n(12).
2
Let l(d) = -5*d**2 - 3*d + 3. Give l(2).
-23
Let x(u) = 3*u - 2. What is x(5)?
13
Let b(y) = 12*y - 362. Calculate b(29).
-14
Let c(x) = -43*x - 1. What is c(-1)?
42
Let n(d) = d**3 - 27*d**2 + 47*d + 81. What is n(25)?
6
Let t(f) = f**2 - 18*f + 80. Give t(11).
3
Let v(w) = 16*w - 55. Determine v(4).
9
Let a(n) = -9*n**2 + 5*n + 5. What is a(-1)?
-9
Let w(v) = 3*v + 2. What is w(1)?
5
Let z(s) = 2*s + 30. Calculate z(-3).
24
Let o(y) = y**3 + 16*y**2 + 13*y - 20. Give o(-15).
10
Let b(n) = n**2 + 11*n + 10. Calculate b(-10).
0
Let t(s) = s**2 + 8*s + 15. Determine t(-7).
8
Let k(l) = -2*l + 57. Determine k(13).
31
Let d(h) = 4*h**2 + h + 1. Give d(-3).
34
Let j(x) = 30*x - 12. Determine j(-2).
-72
Let u(g) = 24*g + 257. Determine u(-11).
-7
Let t(r) = 5*r**2 - 2*r - 3. What is t(-1)?
4
Let n(p) = -p**3 + 10*p**2 - 11*p + 16. Calculate n(9).
-2
Let k(o) = o**3 - 5*o**2 + 8*o - 6. What is k(5)?
34
Let h(u) = 2*u**2 + 19*u + 41. Give h(-6).
-1
Let s(a) = a**2 - a - 1. Give s(5).
19
Let f(u) = 2*u + 7. Determine f(-6).
-5
Let p(l) = l**3 - l**2 - 11*l - 28. Give p(5).
17
Let b(a) = a**3 - 5*a**2 + 11*a - 15. Determine b(3).
0
Let r(a) = -5*a + 2. Give r(-2).
12
Let x(z) = -z**2 + 3. What is x(6)?
-33
Let h(a) = -65*a - 261. Give h(-4).
-1
Let v(x) = 4*x**3 - 10*x**2 - x + 7. Give v(2).
-3
Let h(b) = -2*b**2 + 35*b - 2. Determine h(18).
-20
Let h(q) = -q**3 + 7*q**2 + 3. Give h(6).
39
Let c(b) = b**2 - 4*b - 50. Calculate c(-5).
-5
Let l(t) = 24*t**3 + t**2 - 1. Determine l(-1).
-24
Let x(a) = a**2 + 6*a - 37. Calculate x(4).
3
Let c(q) = 2*q - 41. Determine c(18).
-5
Let w(j) = -j**2 - j + 11. Give w(7).
-45
Let z(j) = -5*j + 6. Determine z(10).
-44
Let k(v) = 24*v**2 - v. Calculate k(-1).
25
Let l(z) = z**3 + 2*z + 8. Calculate l(0).
8
Let c(k) = -k**2 + 33. Determine c(5).
8
Let i(s) = -12*s**2 - 2*s - 1. Calculate i(-2).
-45
Let j(c) = 4*c**2 - c. Determine j(3).
33
Let y(b) = -11*b - 56. What is y(-7)?
21
Let r(v) = -v**2 - 11*v - 39. Calculate r(-3).
-15
Let d(z) = -z**2 + 13*z + 15. Give d(13).
15
Let j(r) = r**3 - 13*r**2 + 17*r + 27. Give j(11).
-28
Let a(v) = -2*v**2 - 15*v - 37. Determine a(-6).
-19
Let y(x) = -x**3 + 3*x**2 + x + 3. What is y(4)?
-9
Let y(f) = -2*f**2 - 19*f - 17. Give y(-8).
7
Let k(d) = -d**2 + 17*d - 2. Give k(13).
50
Let k(n) = -n**3 + 17*n**2 - 2*n + 21. Give k(17).
-13
Let w(d) = 2*d**2 + 9*d - 20. Give w(-7).
15
Let d(i) = i**2 + 15*i + 7. Calculate d(-14).
-7
Let b(v) = 49*v**3 - 2*v - 1. Calculate b(-1).
-48
Let x(d) = -d**2 + 15*d - 71. What is x(6)?
-17
Let a(p) = -4*p + 28. What is a(4)?
12
Let p(u) = u**3 - 24*u**2 + 5*u - 108. Calculate p(24).
12
Let n(j) = j**3 - 5*j**2 + 6*j - 3. Calculate n(3).
-3
Let j(n) = -3*n**2 + 48*n - 5. Calculate j(16).
-5
Let m(o) = -6*o + 10. Calculate m(5).
-20
Let j(w) = 25*w**3 - 2*w**2 + 1. Give j(1).
24
Let x(p) = -p**3 - 4*p**2 - p - 3. Calculate x(-3).
-9
Let k(f) = 19*f**2 + f + 6. What is k(-1)?
24
Let k(r) = 11*r + 45. Calculate k(-4).
1
Let n(s) = -s**2 - 8*s + 5. Give n(-8).
5
Let r(g) = -9*g - 69. Calculate r(-8).
3
Let v(u) = -u**3 + 2*u**2 - 4*u + 6. Calculate v(4).
-42
Let a(i) = -i**2 + 4*i - 3. Give a(4).
-3
Let p(y) = y - 5. Give p(8).
3
Let c(x) = -4*x**2 + 22*x. Determine c(4).
24
Let s(t) = -3*t - 22. Determine s(-5).
-7
Let z(m) = 5*m**2 - 10*m + 11. Determine z(4).
51
Let b(m) = -m**2 - 8*m + 16. What is b(3)?
-17
Let t(u) = u**3 + 6*u**2 - u - 7. Give t(-5).
23
Let i(r) = 2*r**2 + 34*r - 23. Give i(-18).
13
Let r(g) = -g**3 - g. Give r(1).
-2
Let d(w) = w**3 + 4*w**2 - 11*w + 4. Calculate d(-6).
-2
Let v(c) = 2*c - 1. Determine v(1).
1
Let o(j) = -j**2 - 9*j - 3. Give o(-8).
5
Let h(p) = -6*p + 1. Determine h(-2).
13
Let j(f) = f**3 + f**2 + 3*f + 1. Give j(-2).
-9
Let b(w) = w - 3. What is b(15)?
12
Let j(f) = -3*f - 24. Give j(-8).
0
Let z(n) = -n**2 - n + 3. Determine z(-3).
-3
Let z(u) = 11*u + 21. Calculate z(-2).
-1
Let q(t) = 2*t - 15. Give q(8).
1
Let a(o) = 14*o - 1. Calculate a(0).
-1
Let d(n) = 28*n + 49. Calculate d(-5).
-91
Let o(a) = -a**2 - a - 41. Determine o(0).
-41
Let j(h) = 2*h**2 - 8*h - 67. Determine j(8).
-3
Let m(o) = -o**3 - 19*o**2 - 34*o + 2. Give m(-17).
2
Let n(g) = -56*g + 163. Give n(3).
-5
Let x(g) = 159*g + 1118. Calculate x(-7).
5
Let l(t) = -2*t**3 - 34*t**2 + 42*t + 107. Give l(-18).
-1
Let s(q) = -q**3 + 13*q**2 + 24*q + 35. Give s(15).
-55
Let d(s) = s**3 + 3*s**2 - 4*s - 7. Calculate d(-3).
5
Let y(p) = -p**3 + 14*p**2 + 51*p + 3. Calculate y(17).
3
Let j(a) = -13*a**2 + 52*a - 9. Calculate j(4).
-9
Let n(o) = -o**2 + 9*o - 6. Calculate n(5).
14
Let r(z) = 3*z**3 - 3*z**2 + z + 1. Calculate r(2).
15
Let u(l) = -l**3 - 5*l**2 + 6*l - 4. Calculate u(-5).
-34
Let h(a) = -13*a + 214. Give h(17).
-7
Let g(k) = -k**3 - k**2 - 5*k - 1. Calculate g(0).
-1
Let s(j) = -54*j + 177. Calculate s(3).
15
Let d(h) = 3*h - 31. Give d(9).
-4
Let u(c) = 9*c**2 + 85*c + 37. What is u(-9)?
1
Let m(h) = h**2 - 5*h - 63. What is m(-6)?
3
Let c(t) = -5*t - 23. Determine c(-4).
-3
Let f(b) = -b**2 + 8*b + 2. What is f(5)?
17
Let f(s) = -s**3 - s**2 + s + 46. What is f(0)?
46
Let x(w) = 8*w + 5. Calculate x(-4).
-27
Let k(h) = -h**2 - 10*h - 25. What is k(-10)?
-25
Let l(u) = 28*u**2 + 5*u - 2. Calculate l(1).
31
Let f(i) = 2*i**2 + 7*i - 11. What is f(-5)?
4
Let k(p) = -p**3 - 36*p**2 + 75*p - 36. Determine k(-38).
2
Let w(h) = h**2 - 9*h - 7. What is w(10)?
3
Let d(v) = v**2 + v - 3. What i